01312210 - 1232?
101310312
In base 16, what is -7a1d5d - -14?
-7a1d49
In base 10, what is -45198 + 1?
-45197
In base 10, what is -7424357 + -4?
-7424361
In base 10, what is -10 - 18811143?
-18811153
In base 6, what is 33 - 204321122?
-204321045
In base 15, what is 15cd - 15e7?
-19
In base 14, what is 27 - 1942d1?
-1942a8
In base 8, what is -17020244 + 436?
-17017606
In base 11, what is -634444 + -1a0?
-634634
In base 3, what is 2 + 100201100221000021?
100201100221000100
In base 10, what is 341320371 + 3?
341320374
In base 11, what is 3 - 656753?
-656750
In base 2, what is -11 - -101010001011010010?
101010001011001111
In base 8, what is -26 - -5562710?
5562662
In base 6, what is 3333512120 + -45?
3333512031
In base 2, what is -1011010111011011 + 10110010?
-1011010100101001
In base 6, what is 21201 - -1543414?
2005015
In base 8, what is -23 + 340313?
340270
In base 5, what is 32004 + -104211230?
-104124221
In base 11, what is a - 13a5223?
-13a5214
In base 6, what is 45510304 + -211?
45510053
In base 2, what is 10100110000101 - -10101011?
10101000110000
In base 3, what is -10010000001120 + -111?
-10010000002001
In base 8, what is -21116 + 615?
-20301
In base 11, what is -102a65 - 142?
-1030a7
In base 6, what is -3152 - -4512102?
4504510
In base 8, what is 67775 + 47255?
137252
In base 3, what is 110201012220202220 - 2?
110201012220202211
In base 14, what is 4aac2bb - 5?
4aac2b6
In base 4, what is 3301011 - 11021?
3223330
In base 13, what is -1 + -710b650?
-710b651
In base 5, what is 4 - 31002043434?
-31002043430
In base 8, what is -24352373 + -7?
-24352402
In base 7, what is 3020542251 + 2?
3020542253
In base 2, what is 0 + -10000010000010001110001111100?
-10000010000010001110001111100
In base 2, what is 111100111 - -101100000111?
110011101110
In base 3, what is -1102111211 + -1211200201?
-10021012112
In base 3, what is 1 - 100110002122212?
-100110002122211
In base 16, what is 5 + -ba62e2b?
-ba62e26
In base 7, what is -1213 - 34156?
-35402
In base 16, what is 2 + 76b72e?
76b730
In base 12, what is -b7 + -17475?
-17570
In base 8, what is 0 + 213536754?
213536754
In base 4, what is 10222201030 - -123?
10222201213
In base 15, what is -1 - -5d5910e?
5d5910d
In base 14, what is d786326 - -5?
d78632b
In base 5, what is -14340 - 112013?
-131403
In base 3, what is -1021 - -1100100212210?
1100100211112
In base 2, what is -1111000110 - -10101001000?
110000010
In base 2, what is 1000011010101111 + 100001111101?
1000111100101100
In base 12, what is -321622 - -5?
-321619
In base 10, what is -4564651 - 7?
-4564658
In base 8, what is -237353 - -3032?
-234321
In base 7, what is 2140126561 - 4?
2140126554
In base 14, what is 16a1041 - -8?
16a1049
In base 16, what is -2c3fd2 + -3?
-2c3fd5
In base 8, what is -12633517 + -3?
-12633522
In base 6, what is -424 - 13502023?
-13502451
In base 11, what is -10463 + 125a?
-a204
In base 12, what is b12181a + -2?
b121818
In base 2, what is -101 - 100111100000101011100100?
-100111100000101011101001
In base 15, what is 258e6 - -29d7?
283cd
In base 3, what is 12112121 + 1010111000?
1100000121
In base 13, what is -145595a2 - -4?
-1455959b
In base 8, what is -5640 - -60377?
52537
In base 13, what is -3c - -1264912?
12648a3
In base 3, what is 21201 - 200020110?
-122221202
In base 3, what is 11 - 120002011200000?
-120002011122212
In base 11, what is -61 + 3346355?
33462a4
In base 13, what is a5a8 - 2564c?
-18074
In base 9, what is 1854026 + 7?
1854034
In base 4, what is 10 - 10031002020?
-10031002010
In base 12, what is 25197a - 40?
25193a
In base 11, what is -10540003 + 4?
-1053aaaa
In base 6, what is 1033513 - -2051?
1040004
In base 11, what is -13a791a + 10?
-13a790a
In base 12, what is 134b05 + 173?
135078
In base 4, what is 2323110002 - -12120?
2323122122
In base 8, what is 61112001 + 4?
61112005
In base 6, what is -2130014322 - 10?
-2130014332
In base 6, what is 1 + 145010200?
145010201
In base 10, what is -20020 + -20970?
-40990
In base 10, what is 29648 + 138?
29786
In base 3, what is -220002022 + 200101?
-212101221
In base 6, what is -155010212 + -3?
-155010215
In base 15, what is -1 - -3391c9c?
3391c9b
In base 8, what is -12370155 - 10?
-12370165
In base 14, what is 1358a + 4a5?
13a51
In base 2, what is -100010111011001100001 + -11?
-100010111011001100100
In base 2, what is -1001 + 111001110010100001100?
111001110010100000011
In base 3, what is 101111021120120210 + -11?
101111021120120122
In base 7, what is -50401 + -123?
-50524
In base 15, what is -168986 - 5?
-16898b
In base 13, what is -2 + 64c3992?
64c3990
In base 10, what is -3475525 + -2?
-3475527
In base 10, what is -38 - 344342?
-344380
In base 5, what is 20 + -414012?
-413442
In base 6, what is 1133345 + 40?
1133425
In base 5, what is -3224111 + -304?
-3224420
In base 6, what is -10344 - -144422?
134034
In base 5, what is 1203340301 + 200?
1203341001
In base 10, what is -2420137 + 1?
-2420136
In base 8, what is 52033 - -5476?
57531
In base 2, what is -1101100000011101100111 - 1?
-1101100000011101101000
In base 13, what is 85b654 + -6?
85b64b
In base 11, what is -802211 - 38?
-802249
In base 4, what is 2001103010332 + -11?
2001103010321
In base 2, what is 1011000101000101 - 110110101100?
1010001110011001
In base 12, what is -2 - -48a8182?
48a8180
In base 15, what is -2 + 9e6e289?
9e6e287
In base 9, what is 2 + 1051020?
1051022
In base 16, what is 76e + 16ba0?
1730e
In base 12, what is 1b0b - -23256?
25165
In base 9, what is -125 - 1054466?
-1054602
In base 16, what is -446 + -10e7d5?
-10ec1b
In base 6, what is 14 + -5110431151?
-5110431133
In base 10, what is 8003 - -3286?
11289
In base 4, what is -10 + -3012331233003?
-3012331233013
In base 5, what is -11130 - 303141?
-314321
In base 11, what is 80324 + -a66?
7a369
In base 12, what is 68263a6 + -8?
682639a
In base 13, what is 50a4 - -cb?
51a2
In base 11, what is -11977 - 2?
-11979
In base 5, what is 1444222111 + 22?
1444222133
In base 5, what is 10 + -3403233404?
-3403233344
In base 15, what is -888 - -1391?
a08
In base 4, what is -331121 + -11312131?
-12303312
In base 2, what is 100010011011001010 - 111000000?
100010010100001010
In base 16, what is -b1766 + -21?
-b1787
In base 10, what is 5177978 + -77?
5177901
In base 6, what is -4030 + -205550?
-214020
In base 3, what is -1002012111022 - 20?
-1002012111112
In base 3, what is -1001122022222 + 1210?
-1001122021012
In base 11, what is 57 + -66295?
-66239
In base 3, what is 10122011112121212 + 1?
10122011112121220
In base 2, what is 11 - -10111110100000001011101011000?
10111110100000001011101011011
In base 11, what is 2 + -262424?
-262422
In base 8, what is 233 + 10133072?
10133325
In base 5, what is 13 - -313204033?
313204101
In base 15, what is 2 + -43ae381?
-43ae37e
In base 3, what is 10100121202022 + 112?
10100121202211
In base 6, what is -442202 - 32023?
-514225
In base 13, what is 846858 + -2a?
84682b
In base 16, what is 3 - 204cb74?
-204cb71
In base 4, what is 2300 + 22230213?
22233113
In base 4, what is 313 + -10030013?
-10023100
In base 15, what is 0 - 155a45d5?
-155a45d5
In base 8, what is 1456474 - 33?
1456441
In base 8, what is -60 - -237571?
237511
In base 12, what is -443 + 36a9?
3266
In base 14, what is 345b + 5?
3462
In base 15, what is b28 - 31b9?
-2591
In base 15, what is -e73cdb + 0?
-e73cdb
In base 16, what is 4 + -1abd30d?
-1abd309
In base 3, what is 202221001 - -10101012?
220022020
In base 2, what is -11101110101010110011100 + 0?
-11101110101010110011100
In base 2, what is -10101110111 - 1110100000101?
-10001001111100
In base 6, what is -24351 - -45213?
20422
In base 5, what is 3012130 + -20232?
2441343
In base 5, what is 220 - -1213332?
1214102
In base 5, what is -2021402243 - 404?
-2021403202
In base 15, what is e35367 - 9?
e3535d
In base 10, what is -99 + -194247?
-194346
In base 2, what is 11 + -1001000001110000111001?
-1001000001110000110110
In base 12, what is 1127 - -27a9?
3914
In base 8, what is 266324 + 13706?
302232
In base 14, what is 87d18488 + -1?
87d18487
In base 2, what is -10 + -1111010101100000001001?
-1111010101100000001011
In base 11, what is 3 + 1490886?
1490889
In base 3, what is -1022 + -120202222210202?
-120202222212001
In base 16, what is -2 - -216ef5?
216ef3
In base 16, what is 5 + 8f06fa?
8f06ff
In base 3, what i